{"id":18,"date":"2019-05-06T20:46:48","date_gmt":"2019-05-06T20:46:48","guid":{"rendered":"http:\/\/h3062131.hostingrd.pl\/?page_id=18"},"modified":"2019-06-28T19:28:34","modified_gmt":"2019-06-28T19:28:34","slug":"inwestycje-zakonczone","status":"publish","type":"page","link":"https:\/\/h3062131.hostingrd.pl\/index.php\/inwestycje-zakonczone\/","title":{"rendered":"Inwestycje zrealizowane"},"content":{"rendered":"\n<p>&#8220;Osada Stary Lubin I&#8221;\u00a0\u00a0 po\u0142o\u017cona jest w Lubinie przy ul. Stary Lubin, w willowej i spokojnej cz\u0119\u015bci Lubina. Atutem inwestycji jest jej po\u0142o\u017cenie\u00a0 w stosunku do znajduj\u0105cej si\u0119 w \u00a0odleg\u0142o\u015bci 3 km drogi ekspresowej S3. A jednocze\u015bnie\u00a0\u00a0nie dochodz\u0105 tutaj ha\u0142asy z drogi g\u0142\u00f3wnej a w pobli\u017cu nie ma \u017cadnych zak\u0142ad\u00f3w produkcyjnych.\u00a0 Inwestycja sk\u0142adaj\u0105ca si\u0119 z sze\u015bciu segment\u00f3w w zabudowie szeregowej. Zaopatrzyli\u015bmy Osiedle w konieczne media. Domy pod\u0142\u0105czone s\u0105 do wody, pr\u0105du i kanalizacji oraz sieci gazu ziemnego. Dzia\u0142ki przynale\u017cne do segment\u00f3w s\u0105 zr\u00f3\u017cnicowanej wielko\u015bci od\u00a0\u00a0\u00a0\u00a0 do\u00a0\u00a0\u00a0 . <\/p>\n\n\n\n<p><\/p>\n\n\n\n<ul class=\"wp-block-gallery aligncenter columns-3  alignleft wp-block-gallery-1 is-layout-flex wp-block-gallery-is-layout-flex\"><li class=\"blocks-gallery-item\"><figure><a href=\"http:\/\/h3062131.hostingrd.pl\/wp-content\/uploads\/2019\/06\/akso_1-1024x878.jpg\"><img loading=\"lazy\" decoding=\"async\" width=\"1024\" height=\"878\" src=\"http:\/\/h3062131.hostingrd.pl\/wp-content\/uploads\/2019\/06\/akso_1-1024x878.jpg\" alt=\"\" data-id=\"72\" data-link=\"http:\/\/h3062131.hostingrd.pl\/index.php\/inwestycje-zakonczone\/akso_1\/\" class=\"wp-image-72\" srcset=\"https:\/\/h3062131.hostingrd.pl\/wp-content\/uploads\/2019\/06\/akso_1-1024x878.jpg 1024w, https:\/\/h3062131.hostingrd.pl\/wp-content\/uploads\/2019\/06\/akso_1-300x257.jpg 300w, https:\/\/h3062131.hostingrd.pl\/wp-content\/uploads\/2019\/06\/akso_1-768x658.jpg 768w, https:\/\/h3062131.hostingrd.pl\/wp-content\/uploads\/2019\/06\/akso_1-1x1.jpg 1w\" sizes=\"(max-width: 1024px) 100vw, 1024px\" \/><\/a><\/figure><\/li><li class=\"blocks-gallery-item\"><figure><a href=\"http:\/\/h3062131.hostingrd.pl\/wp-content\/uploads\/2019\/05\/gora_5.01-1024x878.jpg\"><img loading=\"lazy\" decoding=\"async\" width=\"1024\" height=\"878\" src=\"http:\/\/h3062131.hostingrd.pl\/wp-content\/uploads\/2019\/05\/gora_5.01-1024x878.jpg\" alt=\"\" data-id=\"15\" data-link=\"http:\/\/h3062131.hostingrd.pl\/?attachment_id=15\" class=\"wp-image-15\" srcset=\"https:\/\/h3062131.hostingrd.pl\/wp-content\/uploads\/2019\/05\/gora_5.01-1024x878.jpg 1024w, https:\/\/h3062131.hostingrd.pl\/wp-content\/uploads\/2019\/05\/gora_5.01-300x257.jpg 300w, https:\/\/h3062131.hostingrd.pl\/wp-content\/uploads\/2019\/05\/gora_5.01-768x658.jpg 768w, https:\/\/h3062131.hostingrd.pl\/wp-content\/uploads\/2019\/05\/gora_5.01-1568x1344.jpg 1568w\" sizes=\"(max-width: 1024px) 100vw, 1024px\" \/><\/a><\/figure><\/li><li class=\"blocks-gallery-item\"><figure><a href=\"http:\/\/h3062131.hostingrd.pl\/wp-content\/uploads\/2019\/05\/dol_05.01-1-1024x878.jpg\"><img loading=\"lazy\" decoding=\"async\" width=\"1024\" height=\"878\" src=\"http:\/\/h3062131.hostingrd.pl\/wp-content\/uploads\/2019\/05\/dol_05.01-1-1024x878.jpg\" alt=\"\" data-id=\"50\" data-link=\"http:\/\/h3062131.hostingrd.pl\/index.php\/inwestycje-zakonczone\/dol_05-01-2\/\" class=\"wp-image-50\" srcset=\"https:\/\/h3062131.hostingrd.pl\/wp-content\/uploads\/2019\/05\/dol_05.01-1-1024x878.jpg 1024w, https:\/\/h3062131.hostingrd.pl\/wp-content\/uploads\/2019\/05\/dol_05.01-1-300x257.jpg 300w, https:\/\/h3062131.hostingrd.pl\/wp-content\/uploads\/2019\/05\/dol_05.01-1-768x658.jpg 768w, https:\/\/h3062131.hostingrd.pl\/wp-content\/uploads\/2019\/05\/dol_05.01-1-1x1.jpg 1w\" sizes=\"(max-width: 1024px) 100vw, 1024px\" \/><\/a><\/figure><\/li><li class=\"blocks-gallery-item\"><figure><a href=\"http:\/\/h3062131.hostingrd.pl\/wp-content\/uploads\/2019\/05\/1-1024x683.jpg\"><img loading=\"lazy\" decoding=\"async\" width=\"1024\" height=\"683\" src=\"http:\/\/h3062131.hostingrd.pl\/wp-content\/uploads\/2019\/05\/1-1024x683.jpg\" alt=\"\" data-id=\"13\" data-link=\"http:\/\/h3062131.hostingrd.pl\/?attachment_id=13\" class=\"wp-image-13\" srcset=\"https:\/\/h3062131.hostingrd.pl\/wp-content\/uploads\/2019\/05\/1-1024x683.jpg 1024w, https:\/\/h3062131.hostingrd.pl\/wp-content\/uploads\/2019\/05\/1-300x200.jpg 300w, https:\/\/h3062131.hostingrd.pl\/wp-content\/uploads\/2019\/05\/1-768x512.jpg 768w, https:\/\/h3062131.hostingrd.pl\/wp-content\/uploads\/2019\/05\/1-1568x1045.jpg 1568w\" sizes=\"(max-width: 1024px) 100vw, 1024px\" \/><\/a><\/figure><\/li><li class=\"blocks-gallery-item\"><figure><a href=\"http:\/\/h3062131.hostingrd.pl\/wp-content\/uploads\/2019\/06\/20180831_191618-1024x576.jpg\"><img loading=\"lazy\" decoding=\"async\" width=\"1024\" height=\"576\" src=\"http:\/\/h3062131.hostingrd.pl\/wp-content\/uploads\/2019\/06\/20180831_191618-1024x576.jpg\" alt=\"\" data-id=\"70\" data-link=\"http:\/\/h3062131.hostingrd.pl\/index.php\/inwestycje-zakonczone\/20180831_191618\/\" class=\"wp-image-70\" srcset=\"https:\/\/h3062131.hostingrd.pl\/wp-content\/uploads\/2019\/06\/20180831_191618-1024x576.jpg 1024w, https:\/\/h3062131.hostingrd.pl\/wp-content\/uploads\/2019\/06\/20180831_191618-300x169.jpg 300w, https:\/\/h3062131.hostingrd.pl\/wp-content\/uploads\/2019\/06\/20180831_191618-768x432.jpg 768w, https:\/\/h3062131.hostingrd.pl\/wp-content\/uploads\/2019\/06\/20180831_191618-1x1.jpg 1w\" sizes=\"(max-width: 1024px) 100vw, 1024px\" \/><\/a><\/figure><\/li><\/ul>\n\n\n\n<ul class=\"wp-block-gallery columns-0 is-cropped wp-block-gallery-2 is-layout-flex wp-block-gallery-is-layout-flex\"><\/ul>\n","protected":false},"excerpt":{"rendered":"<p>&#8220;Osada Stary Lubin I&#8221;\u00a0\u00a0 po\u0142o\u017cona jest w Lubinie przy ul. Stary Lubin, w willowej i spokojnej cz\u0119\u015bci Lubina. Atutem inwestycji jest jej po\u0142o\u017cenie\u00a0 w stosunku do znajduj\u0105cej si\u0119 w \u00a0odleg\u0142o\u015bci 3 km drogi ekspresowej S3. A jednocze\u015bnie\u00a0\u00a0nie dochodz\u0105 tutaj ha\u0142asy z drogi g\u0142\u00f3wnej a w pobli\u017cu nie ma \u017cadnych zak\u0142ad\u00f3w produkcyjnych.\u00a0 Inwestycja sk\u0142adaj\u0105ca si\u0119 z [&hellip;]<\/p>\n","protected":false},"author":1,"featured_media":0,"parent":0,"menu_order":0,"comment_status":"closed","ping_status":"closed","template":"","meta":{"footnotes":""},"_links":{"self":[{"href":"https:\/\/h3062131.hostingrd.pl\/index.php\/wp-json\/wp\/v2\/pages\/18"}],"collection":[{"href":"https:\/\/h3062131.hostingrd.pl\/index.php\/wp-json\/wp\/v2\/pages"}],"about":[{"href":"https:\/\/h3062131.hostingrd.pl\/index.php\/wp-json\/wp\/v2\/types\/page"}],"author":[{"embeddable":true,"href":"https:\/\/h3062131.hostingrd.pl\/index.php\/wp-json\/wp\/v2\/users\/1"}],"replies":[{"embeddable":true,"href":"https:\/\/h3062131.hostingrd.pl\/index.php\/wp-json\/wp\/v2\/comments?post=18"}],"version-history":[{"count":15,"href":"https:\/\/h3062131.hostingrd.pl\/index.php\/wp-json\/wp\/v2\/pages\/18\/revisions"}],"predecessor-version":[{"id":80,"href":"https:\/\/h3062131.hostingrd.pl\/index.php\/wp-json\/wp\/v2\/pages\/18\/revisions\/80"}],"wp:attachment":[{"href":"https:\/\/h3062131.hostingrd.pl\/index.php\/wp-json\/wp\/v2\/media?parent=18"}],"curies":[{"name":"wp","href":"https:\/\/api.w.org\/{rel}","templated":true}]}}